-p**2 + 4*p. Let z be a(4). Suppose z = -4*h + 28 + 88. What is the tens digit of h?
2
Let i be 8/28 - (-80)/14. Suppose 2*h - 164 = -3*v, i*v - v - h - 256 = 0. What is the tens digit of v?
5
Let j = 116 + -55. What is the units digit of j?
1
Let z(w) = w**3 + 9*w**2 + 8*w + 7. Let a = 2 - -4. Let u = -14 + a. What is the units digit of z(u)?
7
Suppose 5*w - 24 = 2*w. What is the units digit of w?
8
Suppose 0 = 2*z + 5*m - 28, -5*z + 0*m + m + 16 = 0. What is the units digit of (z/5)/((-16)/(-280))?
4
Suppose -r - 4*r + 32 = -4*p, 4*p = -12. Let h(g) = -g**2 + 2*g + 3. Let m be h(3). Suppose d = -m*d + r. What is the units digit of d?
4
Suppose 1 + 5 = 2*a. Let c(f) = 2*f**3 - 4*f**2 - f + 1. What is the units digit of c(a)?
6
Let m = -8 + 79. What is the units digit of (1 + m)/(12/8)?
8
Let a(b) = 2*b**2 - 5*b + 1. What is the units digit of a(-5)?
6
Let o(g) = -g**3 + 3*g**2 + 7*g + 3. Let k be o(4). Suppose -2*p - k + 57 = 0. What is the tens digit of p?
2
Suppose 5*f - 30 = -5. Suppose 4*t - 5 = f*t. What is the units digit of (-12)/30 - 42/t?
8
Suppose 5*l = 3*l + 5*t + 20, 3*l = 5*t + 25. Suppose -l*k - 7 - 3 = 0. What is the units digit of k/3 - (-60)/9?
6
Suppose 0*s = 5*s - 200. What is the tens digit of s?
4
What is the units digit of (-2898)/(-30) + 7 + (-4)/(-10)?
4
Let l(b) = 6*b - 1. Let i be l(1). Suppose -3*z = 14 - i. What is the units digit of (-4)/6 - 14/z?
4
Let o(h) = -h**2 - 9*h + 4. Let p be o(-9). What is the tens digit of (12/p - 0) + 10?
1
Let f(g) = -g**2 - 7*g - 3. Let u be f(-5). Let r = -2 + u. Suppose -19 = -r*v + 41. What is the tens digit of v?
1
Suppose -4*q = 5*a - 84 - 136, -a + 65 = 5*q. What is the tens digit of a?
4
Let v(m) = -m**2 - 6*m - 5. Let n be v(-4). Let t(w) = w**3 - 5*w**2. Let p be t(5). Suppose p = -0*f - n*f + 15. What is the units digit of f?
5
Let t(p) = p**2 - p. Let f be t(0). Suppose -2*h + 11 = 3*y + 3*h, f = -2*y + 2*h + 18. What is the units digit of y?
7
Suppose u = n + 3, -2*u + n = u - 7. Suppose -4 = -2*b - u. What is the units digit of b?
1
What is the tens digit of 67/5 + 4/(-10)?
1
Let m = 3 + 2. Suppose 2*n - 8 = -4*i, 0 = 3*i - 2*i + 4*n + m. What is the units digit of i?
3
Suppose 5*w = 4*w + 2. What is the units digit of 3 + w - (-1 + 4)?
2
Let a(z) = -z**2 + 3*z + 3. Let r be a(3). Suppose r*t = 4*t - 4. What is the units digit of t?
4
Let b = -2 - -5. Let u = b - -9. What is the units digit of u?
2
Let g = 53 - 33. What is the tens digit of g?
2
What is the hundreds digit of 621*1*4/12?
2
Suppose 12 = 5*w - 3*z, 9*z + 20 = 2*w + 4*z. Let j(n) = -n**2 + n + n - n + 8. What is the units digit of j(w)?
8
Suppose -9*b - 112 = -13*b. What is the units digit of b?
8
Let j = -10 - -13. Let f(h) = 3*h - 6. Let v be f(4). Suppose j*u - v = 3. What is the units digit of u?
3
Let v(h) = 4*h - 5*h + 2*h. Let l be v(-5). Let x = l + 8. What is the units digit of x?
3
Suppose 3*d = 3, -2*q + 44 = -4*d + 10. Suppose 4 = 4*b - 2*v, 10*b = 8*b - 3*v + 10. Suppose 3 - q = -b*l. What is the units digit of l?
8
Let y(k) = k**3 - 4*k**2 + 3*k - 1. Let h be y(3). Let d = -50 + 64. What is the units digit of 77/d + h/2?
5
Let q(n) = -n**3 - 5*n**2 + 5*n + 9. What is the units digit of q(-6)?
5
Suppose 222 = 3*l - 228. What is the hundreds digit of l?
1
Suppose -8 = 2*r + 4*j - 194, 0 = 3*r + 5*j - 276. What is the tens digit of r?
8
Suppose -a = -0*a - 23. Suppose -b + a = 2*c, 4*c - b = -0*c + 61. What is the units digit of c?
4
Let b = 109 - 54. What is the tens digit of b?
5
What is the tens digit of 30/20 - 119/(-2)?
6
Suppose 2*g = 29 + 35. What is the units digit of g?
2
Let j(b) = 88*b + 8. What is the units digit of j(2)?
4
Let g = 8 - 5. Suppose -g*i + 108 = i. What is the tens digit of i?
2
Suppose z - 5*z = -84. What is the tens digit of z?
2
Let n = -2 + -1. What is the units digit of (-15 + n)*2/(-4)?
9
Suppose 162 = 3*i + i + 5*h, 5*i + 5*h = 200. What is the tens digit of i?
3
Let s(o) = 3*o**2 - 8*o + 3. What is the units digit of s(7)?
4
Suppose -5*k - 4 = -4*k. What is the units digit of k/6*-3 - -2?
4
Suppose 5*t - 19 - 20 = 3*d, 0 = t. Let x = 26 + d. What is the tens digit of x?
1
Suppose 2*m - 4*y + 71 = -1, -3*m - 100 = -4*y. Let s = m + 39. What is the tens digit of s?
1
Let s(l) = 11*l + 3. What is the units digit of s(10)?
3
Let x(r) = -3*r + 3. Let o be x(4). Let t(y) = -2*y + 3. Let s(h) = h. Let b(p) = -3*s(p) - t(p). What is the units digit of b(o)?
6
Let u = -68 + 111. Suppose -3*k + u = 2*l, 2*k + 3*l = -17 + 49. What is the tens digit of k?
1
What is the units digit of (2226/10 - -2) + 2/5?
5
Suppose i + 0 = -3. Let w = 9 - i. What is the units digit of w?
2
Suppose 3*d - 2*u - 60 = 0, d - 3*u = -0*d + 27. Let z(f) = -f + 11. Let k be z(6). What is the units digit of 393/d + k/30?
2
Suppose 7*l - 3*l = -2*x + 10, 3*l + 10 = -5*x. Let n(c) = -c**2 - c + 7. Let h be n(l). Let m = h + 41. What is the units digit of m?
8
Let l be (-3 + 5)/(2/19). Let d = l + -10. What is the units digit of 2/((d/(-12))/(-3))?
8
Let j(l) = -l**3 + 3*l**2 + 2*l - 4. Let r be j(3). Let h be (9/(-4) + r)*-4. What is the tens digit of h - ((-32)/1)/2?
1
Let r(b) = -13*b**3 + 2*b**2 + 6*b + 13. What is the hundreds digit of r(-3)?
3
Let j be 2 + 2*(-3)/3. Let c(w) = 4*w - 2 + j - 5*w. What is the units digit of c(-9)?
7
Let g = -39 + 87. What is the units digit of g?
8
Let s(h) = -7*h**3 - 1. Let w be (3/4)/(3/12). Suppose -3*n + 0 = w. What is the units digit of s(n)?
6
Let w be ((-5)/(-4))/((-1)/(-12)). Let r = -30 + 19. Let b = r + w. What is the units digit of b?
4
Suppose -2*s - 14 = -4*s. Suppose s*r - 2*r = 45. What is the units digit of r?
9
Let w be 3 + -4 + 3 - 10. Let l = 12 - w. Suppose 0*s - l = -5*s. What is the units digit of s?
4
Let p = 11 + 17. Suppose 3*v = 4*k + 21, k - 3 = 4*v - 6*v. Suppose -v*n + n = -p. What is the tens digit of n?
1
Let n(t) = 4*t**2 - 7*t + 2. Let l(r) = -4*r**2 + 6*r - 2. Let p(c) = -6*l(c) - 5*n(c). Let y be p(2). Suppose -4 - y = -4*h. What is the units digit of h?
5
Let u(h) = -h**2 + 8*h - 5. Let m = 15 - 11. Suppose -3*q - p + 12 = p, m*q - 4*p - 16 = 0. What is the tens digit of u(q)?
1
Suppose 3*p = 5*p + 8. Let s = p + 9. What is the units digit of s?
5
What is the units digit of (-5)/((-25)/(-8))*(-370)/4?
8
Suppose 5*g - 3*p - 62 = 0, -3*g + 47 - 11 = -3*p. Suppose 3*q - g = 32. What is the tens digit of q?
1
Suppose -2*n + 2 = -4. Suppose -5 = 5*y + k + 2*k, 0 = -5*y + k + 15. Suppose y*u = 3*r - 43, r - 2*r - 5*u + n = 0. What is the units digit of r?
3
Suppose -2*i = i - 60. What is the units digit of i?
0
Suppose 5*k = -0*s + 2*s + 19, 2*s + 4 = 0. Suppose g = -k + 7. What is the units digit of g?
4
Let j(i) = -16*i - 4. Let z be j(-5). Suppose z = 4*g + 4*q, -4*q = 4*g + q - 77. What is the tens digit of g?
1
Let t = 73 + -49. What is the units digit of t?
4
Let v = 11 - 18. What is the units digit of -10*((6 - 3) + v)?
0
Let b = 0 - -2. Suppose 0 = 5*i - 18 - b. What is the units digit of i?
4
Let i = 1 + -16. Let o = i + 9. Let c(n) = n**3 + 6*n**2 - 2*n - 7. What is the units digit of c(o)?
5
Let k(n) = 4*n**2 + 2*n + 1. Let c be k(-2). Suppose 2*h - 21 = -3*w, 4*w - 21 = -3*h + c. What is the tens digit of h?
1
Let t = 10 + -1. Let p = 19 - t. What is the units digit of p?
0
Let j be -3*4/(2 - 0). Let o(i) = 4*i**3 - 8*i**2 + 18*i - 13. Let t(h) = h**3 - 3*h**2 + 6*h - 4. Let n(f) = 2*o(f) - 7*t(f). What is the units digit of n(j)?
2
Let l be (2/(-3))/((-2)/9). Suppose -32 = -h - 3*h - 4*u, u = -l*h + 30. Suppose -4*i + 25 = -h. What is the units digit of i?
9
Let z(f) = -3*f**3 + 2*f. Let t be 2/10 + (-22)/10. What is the units digit of z(t)?
0
Suppose -8*q + 15 = -3*q. Let u(l) = l + 1. Let m be u(q). Suppose -5*z - 40 = -m*v + 32, 3*v = -z + 35. What is the tens digit of v?
1
Let c(a) = -a**2 - 11*a - 7. Let z(o) = o**2 + 10*o + 7. Let i(j) = -2*c(j) - 3*z(j). What is the units digit of i(-5)?
8
Let x(g) = g**3 - 5*g**2 - 6*g + 3. Let k be x(6). Suppose k*z - r - 2*r - 126 = 0, -2*z + 4*r + 80 = 0. What is the tens digit of z?
4
Suppose -5*o = 2*l - 217, 5*o - 2*l - 233 = -0*l. What is the units digit of o?
5
Let o(z) = 1 - 2*z - 2*z + 2*z**2 - 3 + z**2. What is the units digit of o(4)?
0
Let l(a) = -36*a + 16. What 